 be (-6 + -2)/((-2)/1). Let o = c + -3. Let r(u) = -14*u**2 + u. Calculate r(o).
-13
Let p be (-10)/(-45) + (-2)/9. Let u(q) = q**3 - q + 23. Give u(p).
23
Let z(x) be the second derivative of -25*x**3/6 - x**2/2 + 9*x - 446. Suppose 4*s = 5*s + 1. Calculate z(s).
24
Let y(h) be the third derivative of -h**5/12 + h**4/12 - h**3/2 - 76*h**2. Give y(2).
-19
Suppose -j = -4*t + 3*t + 3, 14 = 4*t - 2*j. Let c(h) be the second derivative of 2*h**3/3 + h**2/2 - 200*h. What is c(t)?
17
Let u(i) = i**2 - i - 1. Let k be (-6)/(-2) + -3 - 0. Suppose 0 = n + 2*n - k*n. Give u(n).
-1
Let l be 64/112 + 3/7. Let x(o) = -o**3 + 2*o**2 - 1. Determine x(l).
0
Suppose 0 = 4*u - 5*u. Suppose -5*w - 3*i - 1 - 26 = 0, 2*w - 6 = 3*i. Let y(x) = -x + 1. Let c(j) = 4*j - 4. Let t(o) = w*y(o) - c(o). Determine t(u).
1
Let d(c) = 19*c**3 + 51*c**2 - 20*c + 25. Let g(h) = 5*h**3 + 13*h**2 - 6*h + 6. Let p(b) = 4*d(b) - 15*g(b). What is p(-8)?
-6
Suppose -4*q - 2*l + 3 - 25 = 0, 2*q - 5*l + 17 = 0. Let c(k) = 4*k + 9. Let b(h) = -21*h - 46. Let t(r) = -2*b(r) - 11*c(r). Give t(q).
5
Suppose -4*n + 20 + 0 = 0. Suppose 23 + n = 4*w. Let h(a) = 28*a**2 - 7*a - 15. Let o(y) = 39*y**2 - 8*y - 23. Let c(j) = 7*h(j) - 5*o(j). Calculate c(w).
-4
Suppose 108*a + 92 + 20 = 94*a. Let r(j) be the third derivative of -j**4/24 - j**3/3 - j**2. What is r(a)?
6
Let h(v) be the first derivative of v**2 + 6*v - 2. Let p be 14/(-7)*-3 + -10. What is h(p)?
-2
Let a(j) = -j**3 + 6*j**2 + 5*j + 8. Let l be a(6). Suppose 3*b - 6 = 0, c - l = 5*c - 5*b. Let t(r) = -r**2 - 7*r - 5. What is t(c)?
-5
Let k(a) = 21*a**2 - a + 1. Suppose -4*l + 5 - 1 = 3*i, 2*l + 2*i = 2. What is k(l)?
21
Let s(k) = -5*k**3 + 31*k**2 - 9*k - 22. Let n(v) = -3*v**3 + 20*v**2 - 6*v - 15. Let y(c) = 8*n(c) - 5*s(c). Calculate y(-5).
5
Let i(j) = j**3 - 9*j**2 + 8*j + 4. Let v(t) be the third derivative of -t**4/12 + 3*t**3 + 10*t**2. Let b be v(5). What is i(b)?
4
Let d(s) = s**3 - 6*s**2 + s - 6. Let x be d(6). Suppose x = -5*m + 11 + 24. Let c(b) = -b + 4. Calculate c(m).
-3
Let r(l) = -l**3 + 12*l**2 - 14*l + 38. Let b be r(11). Let s(i) = i**3 - 4*i**2 - 2*i - 5. What is s(b)?
10
Let a = -23 + 17. Let m(r) = 5*r**2 - 3*r + 7. Let x(h) = -2 - 2 - 2 + h**2 + 7. Let q(i) = a*x(i) + m(i). What is q(-4)?
-3
Suppose 0 = 4*t - 3*t + 2*f + 9, -t - 3*f = 12. Let h be -7 + 3 - t - 4. Let w(o) = o**3 + 6*o**2 + 3*o + 2. Determine w(h).
12
Let z(h) = -h**2 - h - 3. Let p = -90 - -87. Determine z(p).
-9
Let x(u) = 6 + 6*u - u**3 + 5*u**2 - 4 + 4. Let p = 5393 + -5387. Calculate x(p).
6
Let o(a) = -7*a**3 + 5*a**2 + 19*a + 4. Let m(u) = -10*u**3 + 7*u**2 + 27*u + 6. Let d(j) = -5*m(j) + 7*o(j). Calculate d(-3).
-23
Let c = 1820 - 1815. Let u(r) = -r**3 + 9*r**2 - 22*r + 7. Determine u(c).
-3
Let a = 31 + -23. Let d(w) = a*w - 4*w - w + w. What is d(-3)?
-12
Let r = 36 - 21. Suppose 4*t = 6 + 10. Suppose t*l - l = r. Let z(i) = -i - 2. Calculate z(l).
-7
Suppose t = 3 - 1. Let d(k) = 4 + 27*k**t - 28*k**2 - 2. Give d(0).
2
Let a(i) = -i**2 - 6*i - 7. Suppose -3 = -2*t + t. Let b = t - 10. Let v(s) = -s - 13. Let n be v(b). Calculate a(n).
-7
Let s = 69 - 75. Let b = 3 + s. Let u(h) = h**3 + 3*h**2 - 4. Determine u(b).
-4
Let u(w) = -2*w - 8. Let x(y) = y + 6. Let p(r) = -5*u(r) - 7*x(r). Determine p(2).
4
Let i(y) = -y**2 - y. Let p(t) = -t**2 - 4*t + 4. Let h be p(-4). Suppose 2*j = h*j. Suppose j*o = -o + 1. Determine i(o).
-2
Let n(j) = -51*j + 8. Let u(h) = -58*h + 9. Let x(v) = -7*n(v) + 6*u(v). What is x(-2)?
-20
Let x be 4/(-18) + (-438)/(-27). Suppose -5*v - i = -20, 4*i - x - 10 = -2*v. Suppose v*b + b = 0. Let k(m) = -m - 1. Calculate k(b).
-1
Let v(t) = t**3 + 7*t**2 - 5*t + 18. Suppose -22 = 2*w - m - 2*m, 3*w + 14 = -5*m. Calculate v(w).
-6
Let i(t) = -t**3 + 5*t**2 - 10*t + 29. Suppose -n + 7*b = 3 + 7, -4*b - 8 = -4*n. Determine i(n).
5
Suppose 3*r = 2*z - 13, -2*z + 9 = 5*r - 44. Let s be 6/4*z/(-3). Let p = s + 7. Let b(x) = -x**2 + 7. Calculate b(p).
7
Let u(l) = l + 3. Let s(x) = 54 - x - 51 + 0*x - x**2. Let b be s(0). Let w be (-9)/b + (1 - 1). Determine u(w).
0
Suppose 4*b - b - 12 = 0. Let a be (44/(-55))/(b/(-10)). Let m(h) = -2*h**2 - 1 - 4 + 0*h**2 + h**a. Calculate m(0).
-5
Let v(b) be the second derivative of -2*b**3/3 + 9*b**2/2 + b + 11. Determine v(5).
-11
Let p = 3 - 9. Suppose 0 = w - 12 + 2. Let r = w + p. Let y(x) = -x**2 + 6*x - 6. What is y(r)?
2
Let v(d) be the second derivative of -7*d**4/12 - 65*d. Determine v(-1).
-7
Suppose -4*i + 2*i = -14. Let a(q) = -q + 6. Let v(p) = -4*p - 10. Let n(f) = -5*f - 11. Let r(h) = -5*n(h) + 6*v(h). Let z(g) = -4*a(g) - 3*r(g). What is z(i)?
-2
Let b(c) = 7*c + 2. Let h(l) = 6*l + 1. Suppose -23*n = -21 + 113. Let k be ((-10)/(-6))/((-2)/(-6)). Let g(w) = k*h(w) + n*b(w). Give g(6).
9
Let l(t) be the second derivative of 37*t - 7/12*t**4 - 1/20*t**5 + 0 + t**2 - 5/6*t**3. Determine l(-6).
-4
Let r(m) = m**3 + 10*m + 4 + 16*m**2 + 5*m**2 - 11*m**2. Let c be r(-9). Let w(f) = f**3 + 4*f**2 - 6*f - 1. Give w(c).
4
Let y be ((-10)/2)/(95/114). Let z(n) = -3*n - 9. Calculate z(y).
9
Suppose 0 = -2*s - s + 21. Suppose 3*h - 3*m + 5 = s*h, -2*m = 2. Let p(k) be the second derivative of 5*k**4/12 - k**3/2 + k**2/2 - k. What is p(h)?
15
Let q = 1 + -3. Let v(l) be the third derivative of 0 + 1/30*l**5 + 1/24*l**4 + 1/6*l**3 + 3*l**2 + 0*l. Calculate v(q).
7
Let w(r) = -r**2 - 8*r - 1. Let f = 42 - 51. What is w(f)?
-10
Let k be (-6)/4*(-70)/15. Let n(r) = 0*r + r + k + 0*r - 13. Give n(7).
1
Let z(a) be the first derivative of a**4/4 + 10*a**3/3 + 21*a**2/2 - 7*a + 483. Determine z(-7).
-7
Let o(p) = 3*p - 19. Let d(i) = 1. Let n(t) = -5*d(t) - o(t). Give n(8).
-10
Let v(s) = -s**2 + s - 8. Suppose 5*u = 2*c + 7, 9 = 3*u - 0*u. Let m(r) = -r**2 - 2*r + 4*r + 3 - c*r. Let y be m(-3). Determine v(y).
-8
Let h(j) = j - 2*j**2 - 2 + 0 + j**3 - 2*j**3. Let i = -109 - -125. Suppose -14 = -i*b + 18. Give h(b).
-16
Let r(f) = -4*f + 12*f + 1768 - f - 1774. Determine r(3).
15
Let m(d) = -2*d - 1. Let a(w) = -w**2 + w. Suppose -g - g = 0. Suppose h - 2 = -g*h. Let b be a(h). Calculate m(b).
3
Suppose 0 = -18*a + 13*a + 5. Let r be (0 - 3/2)/(a/(-6)). Let k(g) = -g + 5. Determine k(r).
-4
Suppose 5*h + 43 = -17. Let g be (6 - 7)/((-1)/h). Let o = g + 6. Let s(a) = a**3 + 5*a**2 - 9*a - 9. Calculate s(o).
9
Let i(s) be the second derivative of 7*s**3/6 - s**2/2 + 25*s + 2. Suppose -5*k = -2*k - 6. Calculate i(k).
13
Let t(c) = c**3 - 2*c**2 + 3*c - 1. Let n = -26 + 31. Let g(v) = -2*v + 12. Let s be g(n). Determine t(s).
5
Let m be -18*(0 + -2 + 3). Let u = m + 10. Let v = -8 - u. Let x(a) = a**3 + a**2 + a + 7. What is x(v)?
7
Let a be -3 - (-4 + 2 + -2). Let k be 0/(4 + a + -3). Let f(r) = -3*r**2 - r**2 + 0*r**2 - 3 + r + 5*r**2. What is f(k)?
-3
Let w(a) = -8*a**2 - a**3 - 58*a + 5 + 111*a - 4 - 59*a. Determine w(-7).
-6
Let w(j) = 4*j**2 - 3*j - 2. Let y be -8 - (-516)/48 - (-2)/8. What is w(y)?
25
Let s = -636 - -628. Let z(c) = -c**3 - 8*c**2 + 3*c + 4. Calculate z(s).
-20
Let x(g) = g + 1. Let c = -85 - -86. Let w = 2 - c. Give x(w).
2
Let i(w) be the first derivative of w**6/360 - w**5/24 - w**4/24 + 8*w**3/3 - 7. Let k(c) be the third derivative of i(c). Give k(3).
-7
Let c(b) = 2*b + 1 - 8*b + 5 + b**3 - 4*b**2 - 3. Calculate c(4).
-21
Let q(b) = -6*b**2 + 16 - b**2 - 6*b**2 - 2*b**2 + 14*b**2 + 6*b. Calculate q(8).
0
Let w(k) = 81*k - 1. Let o be w(0). Let d(p) = 54*p**2 + p - 1. Give d(o).
52
Let g(s) be the third derivative of -s**4/8 + 37*s**3/6 + 8*s**2 + 15. What is g(12)?
1
Let c(p) = p**3 - 7*p**2 + 7*p - 3. Let w be 3/(-6)*104/2. Let n = -20 - w. Calculate c(n).
3
Let x(g) = -g**2 + 7. Let d be (2 + 1*(1 + -3))/1. What is x(d)?
7
Let u(q) = q - 7. Let g = 179 + -167. Determine u(g).
5
Let x(o) = -o + 1. Suppose -18*z + 14*z = 0. Let k be x(z). Let f(j) = j + j**2 - 4*j**2 - 1 + 6*j**3 + 2*j**2. Give f(k).
5
Let b(a) = a**2 + 3*a - 4. Suppose 11*w - 6*w = -20. Let c be 3/(-3) - w - (-1 - -7). Calculate b(c).
-4
Let w(r) = r + 11. Suppose 0 = -4*h - 0*h - 48. Let l = h - -6. Determine w(l).
5
Let m(p) = 4*p + 12. Let s(l) = 3*l + 13. Let z(x) = 2*m(x) - 3*s(x). Determine z(-8).
-7
Let u(y) = -y**3 - 6*y**2 + 4*y + 8. Suppose -3*a = -2*j + a - 12, 3*j = 2